l(w). Give q(5).
8
Suppose -5*i = -4*y - 2, 0 = i - 2*y - 0 + 2. Let j(g) = g**2 + 16*g + 2*g**i - 15*g. Suppose 2*z + 4 = 0, -2*q + 5*z = -3*q - 9. Give j(q).
4
Let z(c) be the third derivative of c**4/24 - 5*c**3/6 + 18*c**2. Let b(s) = -2*s + 10. Let j(y) = 2*b(y) + 5*z(y). Determine j(5).
0
Suppose 0 = c - 9 + 11. Let r be (21/(-12))/(c/(-24)). Let w be 6/r + 132/(-28). Let i(s) = -s**3 - 4*s**2 + 6*s - 3. Calculate i(w).
-8
Let q(p) = p**3 - p - 1. Let u(t) = -5*t**3 - 5*t**2 + 4*t - 3. Suppose -7*d + 7 + 0 = 0. Let i(n) = d*u(n) + 4*q(n). Give i(-5).
-7
Let k(x) be the second derivative of 5*x**3/6 + x**2 + 342*x. Determine k(-6).
-28
Let w(m) be the first derivative of -m**4/4 + m**3 - 2*m**2 - m + 1. Suppose -9*f = -15*f + 54. Suppose 5*y - 6 - f = 0. Determine w(y).
-13
Let b(p) be the third derivative of 2*p**2 + 0 - 1/60*p**5 + 1/6*p**3 + 5/24*p**4 - 13*p. What is b(4)?
5
Let u(c) = c + 14. Suppose -4*s - s + 2*g = -6, -2*s = -5*g + 6. Suppose 62 = 2*d + s. Suppose 2*z = -3*z - d. Determine u(z).
8
Suppose 0 = 4*n - 3*d - 23, -3*d - 9 = 6. Suppose 12*y + 10 = s + 14*y, y = 4*s - 13. Suppose -s*w = -n*w + 6. Let c(p) = -3*p - 4. What is c(w)?
5
Suppose 4*r + 5*a = 23, 0*a = -5*r + 4*a - 2. Suppose 0 = 2*c + 3 + 1, -g - 2 = r*c. Let d(m) = -m**3 + 2*m**2 - 3*m + 1. Calculate d(g).
-5
Let h(k) = -k**2 + 2 + 5 - 2 + 22*k**3 - 4 - k + 15*k**3. What is h(1)?
36
Let t(u) = u**3 - 4*u**2 - 3*u - 3. Let v be -154 + 7/((-35)/(-15)). Let n = v + 156. Give t(n).
7
Suppose -11*t + 24 = t. Let u(q) = 271*q + q**t - 274*q + 0*q**2. Give u(3).
0
Let b(k) = k**2 + 6*k + 13. Suppose 29 = -7*m - 13. What is b(m)?
13
Let q(z) = -z - 3. Suppose 3*u + 2 = 11. Suppose 5*f = u*d - 31, 0*f = -5*f - 5*d - 15. What is q(f)?
2
Let g be (-1)/3 + (-7)/(-3). Let c(a) = 0*a - 4 - 4*a - a**g + a. Suppose -16*z + 18*z = -6. Give c(z).
-4
Let n(t) = t**2. Let z(j) = -3*j**2 + j + 1. Let a(o) = -2*n(o) - z(o). Suppose -44*y = -38*y + 18. Calculate a(y).
11
Let y(t) = 3*t + 8. Let i(x) = -8*x - 16. Let b(o) = -4*i(o) - 9*y(o). Determine b(7).
27
Suppose d - 18 = -2*i + 5*d, 5*i - 5*d - 30 = 0. Let v(q) = 4*q**2 - i*q**2 - 3*q + 6*q - 1 - 5*q. Determine v(2).
-1
Let c(o) = o**3 + 9*o**2 + 7*o - 8. Suppose -31*d = -33*d. Suppose 2*s + d*w + w = -17, -3*w + 13 = -2*s. Calculate c(s).
0
Suppose 38 - 42 = -4*y. Let j(p) = -3*p. Calculate j(y).
-3
Let u(j) = 7*j - 5 + 4 + 2 + 0. Let i(s) = 3*s + 6*s + s**2 + 7 - 2*s**2 + 2*s**2. Let v be i(-8). What is u(v)?
-6
Suppose -13 + 10 = -b. Let i(a) = -27*a - 5 + 9*a + b - a**2 + 8*a. Calculate i(-10).
-2
Let y(i) = i**3 - 11*i**2 + 11*i - 9. Let c(f) = f**3 - 8*f**2 + 3*f. Let s be c(8). Suppose 6*n - 84 = -s. Determine y(n).
1
Let m(x) = 13*x**2 + 2 - 36*x**2 + 6*x + 12*x**2. Let y(v) = 5*v**2 - 3*v - 1. Let h(f) = -3*m(f) - 7*y(f). Calculate h(3).
-8
Suppose 3*j + j + k = -9, j + 5 = -3*k. Let b = j + -2. Let w(r) = -1 - 1 + 3*r - 2 + r**2. Determine w(b).
0
Let s(x) = 8*x**3 - 24*x**2 - x + 21. Let t(a) = 7*a**3 - 23*a**2 - a + 21. Let y(j) = 6*s(j) - 7*t(j). Let o be y(17). Let v(m) = -m - 3. Calculate v(o).
1
Suppose -5*r + x = -2*x - 15, 4*x = -r + 26. Let i(s) = s**2 - 6*s - 7. Determine i(r).
-7
Let u = 290 + -279. Let w(x) = -x**2 + 12*x + 4. Give w(u).
15
Suppose -22 + 30 = 4*g. Let o(f) = 3*f + 4. Calculate o(g).
10
Let z(f) = 995*f**3 - 996*f**3 + 3*f + 5*f - 12 + 6*f**2 + f**2. Calculate z(8).
-12
Suppose 0 = h + 3*h + 88. Suppose 26*w + 42 = 23*w. Let q = h - w. Let c(j) = -j**3 - 7*j**2 + 9*j + 7. Give c(q).
-1
Let y(v) = -4*v - 20. Let k(i) = i + 11. Let s(g) = 3*k(g) + y(g). What is s(-3)?
16
Let y = 133/9420 + 2/785. Let l(f) be the third derivative of 1/6*f**4 + 0 + y*f**5 + 0*f + 1/3*f**3 - 9*f**2. Calculate l(-4).
2
Let g(i) = -6*i**3 - i**2 + 7*i + 3. Let a(o) = o**3 + o**2 - o. Let u = 7 + -14. Let x be u/1 + (3 - 1). Let p(c) = x*a(c) - g(c). What is p(4)?
-11
Let o(t) be the second derivative of -7/12*t**4 - 1/20*t**5 + 5*t**2 + 0 + 1/6*t**3 + 12*t. What is o(-7)?
3
Let l be (-1)/2 + 2/4. Let d be 4*(-3 - l - -2). Let f(j) = -j - 7. Let t(c) = 2*c + 14. Let a(r) = 7*f(r) + 4*t(r). Determine a(d).
3
Let r = -9 + 13. Suppose 0 = -0*t + 4*t - 3*g - 26, -2*g = -r*t + 24. Let b(i) = -4*i - 4 - 9*i + 13*i - 4*i + i**2. What is b(t)?
1
Let x(w) = -3*w**2 + 11*w + 18. Suppose -3*o + 13 = -8. Let s = -12 + o. Let t(v) = -5*v**2 + 16*v + 27. Let a(m) = s*t(m) + 8*x(m). Give a(-7).
2
Suppose 9 = -6*u + 39. Let q(g) be the first derivative of u + 2/3*g**3 + 0*g - 1/2*g**2. Determine q(1).
1
Let i = 0 + 0. Let f be 4/14 + 47/7. Let s(k) = -4 + 2*k + f + 2*k - 3*k. Calculate s(i).
3
Let m(l) = -1568 + 1563 - 3*l + 2*l + 4*l. Determine m(-1).
-8
Suppose 0 = -3*q + 7 + 29. Let z = 6 - q. Let w(c) = -c**2 - 8*c - 6. What is w(z)?
6
Let s(u) = u**2 + u - 1. Let o(d) = -3*d**2 - 5*d + 5. Let n(x) = o(x) + 6*s(x). Let f(l) = -7*l**2 - 3*l + 1. Let t(q) = 2*f(q) + 5*n(q). Determine t(4).
9
Suppose -n - 4*n + 20 = 0. Let s be (-16)/(-12)*6/n. Let u(v) = 2 - 3 - s*v + 0 - v. Determine u(-2).
5
Let p(g) = -3 + 2*g**2 + 2*g**2 + 2 - 2*g - 2 - 5*g**2. What is p(-2)?
-3
Let f = 63 + -41. Let u = -19 + f. Let z = 7 - u. Let l(t) = t**2 - 5*t + 2. Calculate l(z).
-2
Suppose 2*n + 115 = 6*m - m, 0 = -2*n - 10. Let q be ((-2)/3)/(7/m). Let b(a) = -a - 2. What is b(q)?
0
Let i(v) be the second derivative of -v**6/90 - v**5/120 - v**3/2 + 3*v. Let o(c) be the second derivative of i(c). Calculate o(1).
-5
Let h(w) = w**2 - 4*w + 5. Let l(v) be the first derivative of v**3/3 + v + 6. Let x(i) = h(i) - 2*l(i). Give x(2).
-9
Let o = 173 - 166. Let u(v) = -3*v + 16. Give u(o).
-5
Let o(x) = 2*x**2 - 2. Suppose -5*h - u = -19, 0 = -2*h - 24*u + 20*u + 22. Let v(b) = 2*b - 1. Let y be v(1). Let j be (-5 + 6/h)*y. What is o(j)?
16
Let p(j) = 4*j**2 - 4*j - 8. Let h(q) = -q**2. Let c(u) = 3*h(u) + p(u). Calculate c(7).
13
Let b(k) = 22*k**2 + 26*k + 16. Let v(o) = -15*o**2 - 18*o - 11. Let y(p) = 5*b(p) + 7*v(p). Give y(-1).
4
Let i(l) = -2*l**2 - 6*l - 1. Suppose 0*y + 24 = 4*y. Let r be 3/(-3 - (-27)/10). Let d = y + r. Give i(d).
-9
Let x(t) = 6*t + 3. Let z(r) = r**3 + 10*r**2 - 28*r - 45. Let a be z(-12). What is x(a)?
21
Suppose -5*v = 0, -3*v = 2*i - v - 6. Let u(k) = -2*k**2 + k - 2. Calculate u(i).
-17
Let j(m) = 2*m**3 + 3*m**2 + 3*m + 3. Let o = 377 + -379. Calculate j(o).
-7
Let p(i) be the second derivative of i**5/20 - i**4/4 + i**2 + 26*i. Let m = 19 + -17. Calculate p(m).
-2
Let v(k) = 21 + 71*k + 88*k - 156*k. Determine v(-6).
3
Let j(x) = 15*x + 70. Let t be j(-5). Let p(i) = i**2 + 5*i. Calculate p(t).
0
Let q(u) be the first derivative of -5 + 5/3*u**3 + 1/360*u**6 + 0*u**2 - 1/120*u**5 + 0*u - 1/8*u**4. Let z(l) be the third derivative of q(l). Determine z(3).
3
Let q = -461 + 471. Let i(p) = p - 12. Calculate i(q).
-2
Let p(n) = -3*n**3 + 10*n**2 - 3. Let f(x) = -4*x**3 + 11*x**2 + x - 4. Let o(m) = -4*f(m) + 5*p(m). Calculate o(-7).
-20
Let i(v) = -v**2 - 3*v. Let k = -1 - 3. Let c(b) = -b**2 - 6*b - 6. Let f be c(k). Suppose -3*z = 10 + f. Give i(z).
-4
Let v(h) = -h**3 - h**2 + h. Let d = 251 - 250. Calculate v(d).
-1
Let f(s) = -s**2 - 6*s + 2. Suppose -4*l = 32 - 92. Suppose -12*j + l = -15*j. Determine f(j).
7
Let m(o) = o**3 - 3*o**2 + 2*o - 2. Let k be 1*-9*3/(-9). Suppose -d + 6 = k. Determine m(d).
4
Let b(z) = z**3 - 10*z**2 - 2*z + 15. Let c(x) = 45*x + 100. Let q be c(-2). Calculate b(q).
-5
Let x(t) = -26*t - 9. Let k(i) = -9*i - 3. Let j(z) = -17*k(z) + 6*x(z). Suppose -1 = -q + 4. Suppose o + 2 + 7 = -3*n, 4*n + 12 = q*o. What is j(n)?
6
Suppose -6*y - 3 - 39 = 0. Let v(q) be the third derivative of q**4/24 + 5*q**3/2 + q**2. What is v(y)?
8
Suppose 0 = 4*m - 3*z + 2*z - 11, 4*m = 4*z + 20. Let s(a) = -1190 + 19*a + 1189 - 13*a. Calculate s(m).
11
Let h be (-636)/108 - 2/18. Let g(n) = -n - 7. Determine g(h).
-1
Suppose 0 = -20*k + 10*k + 100. Let q(p) = -1 + 7*p + 7*p + k*p - 13*p. What is q(1)?
10
Let y be 2519/(-121) - 2/11. Let i be (-4)/7*y/6. Suppose -6 = -a - 4*q, -3*q + 8*q = i*a + 14. Let c(u) = u - 2. Give c(a).
-4
Let h(m) = 8*m - 1. Let r be 8*(-4 + (-19)/(-4)). Suppose -3*y - 2*x = -x - r, 3*x - 6 = 3*y. Let a(v) = -v - 1. Let t(n) = y*h(n) + 6*a(n). Determine t(7).
7
Let r(n) = -2*n - 1 - 3 